{"id":566,"date":"2021-04-27T18:28:54","date_gmt":"2021-04-27T16:28:54","guid":{"rendered":"https:\/\/www.hv-gottwald.de\/HVG\/?page_id=566"},"modified":"2025-09-09T11:38:49","modified_gmt":"2025-09-09T09:38:49","slug":"login","status":"publish","type":"page","link":"https:\/\/www.hv-gottwald.de\/HVG\/login\/","title":{"rendered":"Login"},"content":{"rendered":"\n\n\n<h3 style=\"text-align: center;\">Bitte w\u00e4hlen Sie aus, wof\u00fcr Sie sich anmelden m\u00f6chten:<\/h3>\n\n\n\n<div class=\"wp-block-columns is-layout-flex wp-container-core-columns-is-layout-9d6595d7 wp-block-columns-is-layout-flex\">\n<div class=\"wp-block-column is-layout-flow wp-block-column-is-layout-flow\">\n<figure class=\"wp-block-table\"><a href=\"https:\/\/hv-gottwald.etg24.de\" target=\"_blank\" rel=\"noopener\"><table bgcolor=#c4d701><tbody><tr height=300 valign=center><td align=center><font color=#000000><h2>Online<br>KUNDENPORTAL<\/h2><\/font><\/td><\/tr><\/tbody><\/table><\/a><\/figure>\n<\/div>\n\n\n\n<div class=\"wp-block-column is-layout-flow wp-block-column-is-layout-flow\">\n<figure class=\"wp-block-table\"><a href=\"https:\/\/www.hv-gottwald.de\/HVG\/etv-online\" target=\"_blank\" rel=\"noopener\"><table bgcolor=#332781><tbody><tr height=300 valign=center><td align=center><h2><font color=#ffffff>Onlineteilnahme<br>VERSAMMLUNG<\/font><\/h2><\/td><\/tr><\/tbody><\/table><\/a><\/figure>\n<\/div>\n<\/div>\n\n\n","protected":false},"excerpt":{"rendered":"<p>Bitte w\u00e4hlen Sie aus, wof\u00fcr Sie sich anmelden m\u00f6chten: OnlineKUNDENPORTAL OnlineteilnahmeVERSAMMLUNG<\/p>\n","protected":false},"author":1,"featured_media":0,"parent":0,"menu_order":0,"comment_status":"closed","ping_status":"closed","template":"","meta":{"footnotes":""},"class_list":["post-566","page","type-page","status-publish","hentry"],"_links":{"self":[{"href":"https:\/\/www.hv-gottwald.de\/HVG\/wp-json\/wp\/v2\/pages\/566","targetHints":{"allow":["GET"]}}],"collection":[{"href":"https:\/\/www.hv-gottwald.de\/HVG\/wp-json\/wp\/v2\/pages"}],"about":[{"href":"https:\/\/www.hv-gottwald.de\/HVG\/wp-json\/wp\/v2\/types\/page"}],"author":[{"embeddable":true,"href":"https:\/\/www.hv-gottwald.de\/HVG\/wp-json\/wp\/v2\/users\/1"}],"replies":[{"embeddable":true,"href":"https:\/\/www.hv-gottwald.de\/HVG\/wp-json\/wp\/v2\/comments?post=566"}],"version-history":[{"count":23,"href":"https:\/\/www.hv-gottwald.de\/HVG\/wp-json\/wp\/v2\/pages\/566\/revisions"}],"predecessor-version":[{"id":642,"href":"https:\/\/www.hv-gottwald.de\/HVG\/wp-json\/wp\/v2\/pages\/566\/revisions\/642"}],"wp:attachment":[{"href":"https:\/\/www.hv-gottwald.de\/HVG\/wp-json\/wp\/v2\/media?parent=566"}],"curies":[{"name":"wp","href":"https:\/\/api.w.org\/{rel}","templated":true}]}}